[INFO] cloning repository https://github.com/nwoeanhinnogaehr/coronene
[INFO] running `Command { std: "git" "-c" "credential.helper=" "-c" "credential.helper=/workspace/cargo-home/bin/git-credential-null" "clone" "--bare" "https://github.com/nwoeanhinnogaehr/coronene" "/workspace/cache/git-repos/https%3A%2F%2Fgithub.com%2Fnwoeanhinnogaehr%2Fcoronene", kill_on_drop: false }`
[INFO] [stderr] Cloning into bare repository '/workspace/cache/git-repos/https%3A%2F%2Fgithub.com%2Fnwoeanhinnogaehr%2Fcoronene'...
[INFO] running `Command { std: "git" "rev-parse" "HEAD", kill_on_drop: false }`
[INFO] [stdout] 9f35c06ad1657d9a00b8186c824a1cdc88bbc4ab
[INFO] checking nwoeanhinnogaehr/coronene against master#cfbc6d4cf1acbac5c025acf8ed68929caa551df3 for pr-75494-beta
[INFO] running `Command { std: "git" "clone" "/workspace/cache/git-repos/https%3A%2F%2Fgithub.com%2Fnwoeanhinnogaehr%2Fcoronene" "/workspace/builds/worker-1/source", kill_on_drop: false }`
[INFO] [stderr] Cloning into '/workspace/builds/worker-1/source'...
[INFO] [stderr] done.
[INFO] validating manifest of git repo https://github.com/nwoeanhinnogaehr/coronene on toolchain cfbc6d4cf1acbac5c025acf8ed68929caa551df3
[INFO] running `Command { std: "/workspace/cargo-home/bin/cargo" "+cfbc6d4cf1acbac5c025acf8ed68929caa551df3" "read-manifest" "--manifest-path" "Cargo.toml", kill_on_drop: false }`
[INFO] started tweaking git repo https://github.com/nwoeanhinnogaehr/coronene
[INFO] finished tweaking git repo https://github.com/nwoeanhinnogaehr/coronene
[INFO] tweaked toml for git repo https://github.com/nwoeanhinnogaehr/coronene written to /workspace/builds/worker-1/source/Cargo.toml
[INFO] crate git repo https://github.com/nwoeanhinnogaehr/coronene already has a lockfile, it will not be regenerated
[INFO] running `Command { std: "/workspace/cargo-home/bin/cargo" "+cfbc6d4cf1acbac5c025acf8ed68929caa551df3" "fetch" "--locked" "--manifest-path" "Cargo.toml", kill_on_drop: false }`
[INFO] [stderr]  Downloading crates ...
[INFO] [stderr]   Downloaded union-find v0.3.1
[INFO] [stderr]   Downloaded libc v0.2.15
[INFO] [stderr]   Downloaded bit-vec v0.4.3
[INFO] [stderr]   Downloaded fnv v1.0.3
[INFO] running `Command { std: "docker" "create" "-v" "/var/lib/crater-agent-workspace/builds/worker-1/target:/opt/rustwide/target:rw,Z" "-v" "/var/lib/crater-agent-workspace/builds/worker-1/source:/opt/rustwide/workdir:ro,Z" "-v" "/var/lib/crater-agent-workspace/cargo-home:/opt/rustwide/cargo-home:ro,Z" "-v" "/var/lib/crater-agent-workspace/rustup-home:/opt/rustwide/rustup-home:ro,Z" "-e" "SOURCE_DIR=/opt/rustwide/workdir" "-e" "CARGO_TARGET_DIR=/opt/rustwide/target" "-e" "CARGO_HOME=/opt/rustwide/cargo-home" "-e" "RUSTUP_HOME=/opt/rustwide/rustup-home" "-w" "/opt/rustwide/workdir" "-m" "1610612736" "--user" "0:0" "--network" "none" "rustops/crates-build-env@sha256:a636fd89d022f18117e1dc8fb37a0a009933cdbbe082814857f0e2024962d47c" "/opt/rustwide/cargo-home/bin/cargo" "+cfbc6d4cf1acbac5c025acf8ed68929caa551df3" "metadata" "--no-deps" "--format-version=1", kill_on_drop: false }`
[INFO] [stderr] WARNING: Your kernel does not support swap limit capabilities or the cgroup is not mounted. Memory limited without swap.
[INFO] [stdout] 707f80e6ee7d28d375e3f243f262ceb9b38639641fbfeabe270e1b120b35b527
[INFO] running `Command { std: "docker" "start" "-a" "707f80e6ee7d28d375e3f243f262ceb9b38639641fbfeabe270e1b120b35b527", kill_on_drop: false }`
[INFO] running `Command { std: "docker" "inspect" "707f80e6ee7d28d375e3f243f262ceb9b38639641fbfeabe270e1b120b35b527", kill_on_drop: false }`
[INFO] running `Command { std: "docker" "rm" "-f" "707f80e6ee7d28d375e3f243f262ceb9b38639641fbfeabe270e1b120b35b527", kill_on_drop: false }`
[INFO] [stdout] 707f80e6ee7d28d375e3f243f262ceb9b38639641fbfeabe270e1b120b35b527
[INFO] running `Command { std: "docker" "create" "-v" "/var/lib/crater-agent-workspace/builds/worker-1/target:/opt/rustwide/target:rw,Z" "-v" "/var/lib/crater-agent-workspace/builds/worker-1/source:/opt/rustwide/workdir:ro,Z" "-v" "/var/lib/crater-agent-workspace/cargo-home:/opt/rustwide/cargo-home:ro,Z" "-v" "/var/lib/crater-agent-workspace/rustup-home:/opt/rustwide/rustup-home:ro,Z" "-e" "SOURCE_DIR=/opt/rustwide/workdir" "-e" "CARGO_TARGET_DIR=/opt/rustwide/target" "-e" "CARGO_INCREMENTAL=0" "-e" "RUST_BACKTRACE=full" "-e" "RUSTFLAGS=--cap-lints=forbid" "-e" "CARGO_HOME=/opt/rustwide/cargo-home" "-e" "RUSTUP_HOME=/opt/rustwide/rustup-home" "-w" "/opt/rustwide/workdir" "-m" "1610612736" "--user" "0:0" "--network" "none" "rustops/crates-build-env@sha256:a636fd89d022f18117e1dc8fb37a0a009933cdbbe082814857f0e2024962d47c" "/opt/rustwide/cargo-home/bin/cargo" "+cfbc6d4cf1acbac5c025acf8ed68929caa551df3" "check" "--frozen" "--all" "--all-targets" "--message-format=json", kill_on_drop: false }`
[INFO] [stderr] WARNING: Your kernel does not support swap limit capabilities or the cgroup is not mounted. Memory limited without swap.
[INFO] [stdout] 9a4785d2fe18cedb6c25ad04480f1e76fdc94f113dd6fcb6fc7dac4015cfb36e
[INFO] running `Command { std: "docker" "start" "-a" "9a4785d2fe18cedb6c25ad04480f1e76fdc94f113dd6fcb6fc7dac4015cfb36e", kill_on_drop: false }`
[INFO] [stderr]     Checking libc v0.2.15
[INFO] [stderr]     Checking union-find v0.3.1
[INFO] [stderr]     Checking bit-vec v0.4.3
[INFO] [stderr]     Checking fnv v1.0.3
[INFO] [stderr]     Checking time v0.1.35
[INFO] [stderr]     Checking rand v0.3.14
[INFO] [stderr]     Checking coronene v0.1.0 (/opt/rustwide/workdir)
[INFO] [stdout] error[E0554]: `#![feature]` may not be used on the beta release channel
[INFO] [stdout]  --> src/main.rs:1:1
[INFO] [stdout]   |
[INFO] [stdout] 1 | #![feature(slice_patterns)]
[INFO] [stdout]   | ^^^^^^^^^^^^^^^^^^^^^^^^^^^
[INFO] [stdout] 
[INFO] [stdout] 
[INFO] [stdout] error[E0554]: `#![feature]` may not be used on the beta release channel
[INFO] [stdout]  --> src/main.rs:2:1
[INFO] [stdout]   |
[INFO] [stdout] 2 | #![feature(conservative_impl_trait)]
[INFO] [stdout]   | ^^^^^^^^^^^^^^^^^^^^^^^^^^^^^^^^^^^^
[INFO] [stdout] 
[INFO] [stdout] 
[INFO] [stdout] warning: use of deprecated item 'try': use the `?` operator instead
[INFO] [stdout]    --> src/player/board.rs:390:9
[INFO] [stdout]     |
[INFO] [stdout] 390 |         try!(write!(f, "  "));
[INFO] [stdout]     |         ^^^
[INFO] [stdout]     |
[INFO] [stdout]     = note: `#[warn(deprecated)]` on by default
[INFO] [stdout] 
[INFO] [stdout] 
[INFO] [stdout] warning: use of deprecated item 'try': use the `?` operator instead
[INFO] [stdout]    --> src/player/board.rs:392:13
[INFO] [stdout]     |
[INFO] [stdout] 392 |             try!(write!(f, "{} ", (x + 'a' as Coord) as u8 as char));
[INFO] [stdout]     |             ^^^
[INFO] [stdout] 
[INFO] [stdout] 
[INFO] [stdout] warning: use of deprecated item 'try': use the `?` operator instead
[INFO] [stdout]    --> src/player/board.rs:395:13
[INFO] [stdout]     |
[INFO] [stdout] 395 |             try!(write!(f, "\n"));
[INFO] [stdout]     |             ^^^
[INFO] [stdout] 
[INFO] [stdout] 
[INFO] [stdout] warning: use of deprecated item 'try': use the `?` operator instead
[INFO] [stdout]    --> src/player/board.rs:397:17
[INFO] [stdout]     |
[INFO] [stdout] 397 |                 try!(write!(f, " "));
[INFO] [stdout]     |                 ^^^
[INFO] [stdout] 
[INFO] [stdout] 
[INFO] [stdout] warning: use of deprecated item 'try': use the `?` operator instead
[INFO] [stdout]    --> src/player/board.rs:399:13
[INFO] [stdout]     |
[INFO] [stdout] 399 |             try!(write!(f, "{:2}\\", y + 1));
[INFO] [stdout]     |             ^^^
[INFO] [stdout] 
[INFO] [stdout] 
[INFO] [stdout] warning: use of deprecated item 'try': use the `?` operator instead
[INFO] [stdout]    --> src/player/board.rs:402:32
[INFO] [stdout]     |
[INFO] [stdout] 402 |                     Some(c) => try!(write!(f, "{}", c)),
[INFO] [stdout]     |                                ^^^
[INFO] [stdout] 
[INFO] [stdout] 
[INFO] [stdout] warning: use of deprecated item 'try': use the `?` operator instead
[INFO] [stdout]    --> src/player/board.rs:403:29
[INFO] [stdout]     |
[INFO] [stdout] 403 |                     None => try!(write!(f, "+")),
[INFO] [stdout]     |                             ^^^
[INFO] [stdout] 
[INFO] [stdout] 
[INFO] [stdout] warning: use of deprecated item 'try': use the `?` operator instead
[INFO] [stdout]    --> src/player/board.rs:406:21
[INFO] [stdout]     |
[INFO] [stdout] 406 |                     try!(write!(f, " "));
[INFO] [stdout]     |                     ^^^
[INFO] [stdout] 
[INFO] [stdout] 
[INFO] [stdout] warning: use of deprecated item 'try': use the `?` operator instead
[INFO] [stdout]    --> src/player/board.rs:409:13
[INFO] [stdout]     |
[INFO] [stdout] 409 |             try!(write!(f, "\\{}", y + 1));
[INFO] [stdout]     |             ^^^
[INFO] [stdout] 
[INFO] [stdout] 
[INFO] [stdout] warning: use of deprecated item 'try': use the `?` operator instead
[INFO] [stdout]    --> src/player/board.rs:411:9
[INFO] [stdout]     |
[INFO] [stdout] 411 |         try!(write!(f, "\n   "));
[INFO] [stdout]     |         ^^^
[INFO] [stdout] 
[INFO] [stdout] 
[INFO] [stdout] warning: use of deprecated item 'try': use the `?` operator instead
[INFO] [stdout]    --> src/player/board.rs:413:13
[INFO] [stdout]     |
[INFO] [stdout] 413 |             try!(write!(f, " "));
[INFO] [stdout]     |             ^^^
[INFO] [stdout] 
[INFO] [stdout] 
[INFO] [stdout] warning: use of deprecated item 'try': use the `?` operator instead
[INFO] [stdout]    --> src/player/board.rs:416:13
[INFO] [stdout]     |
[INFO] [stdout] 416 |             try!(write!(f, "{} ", (x + 'a' as Coord) as u8 as char));
[INFO] [stdout]     |             ^^^
[INFO] [stdout] 
[INFO] [stdout] 
[INFO] [stdout] error[E0554]: `#![feature]` may not be used on the beta release channel
[INFO] [stdout]  --> src/main.rs:1:1
[INFO] [stdout]   |
[INFO] [stdout] 1 | #![feature(slice_patterns)]
[INFO] [stdout]   | ^^^^^^^^^^^^^^^^^^^^^^^^^^^
[INFO] [stdout] 
[INFO] [stdout] 
[INFO] [stdout] error[E0554]: `#![feature]` may not be used on the beta release channel
[INFO] [stdout]  --> src/main.rs:2:1
[INFO] [stdout]   |
[INFO] [stdout] 2 | #![feature(conservative_impl_trait)]
[INFO] [stdout]   | ^^^^^^^^^^^^^^^^^^^^^^^^^^^^^^^^^^^^
[INFO] [stdout] 
[INFO] [stdout] 
[INFO] [stdout] warning: use of deprecated item 'try': use the `?` operator instead
[INFO] [stdout]    --> src/player/board.rs:390:9
[INFO] [stdout]     |
[INFO] [stdout] 390 |         try!(write!(f, "  "));
[INFO] [stdout]     |         ^^^
[INFO] [stdout]     |
[INFO] [stdout]     = note: `#[warn(deprecated)]` on by default
[INFO] [stdout] 
[INFO] [stdout] 
[INFO] [stdout] warning: use of deprecated item 'try': use the `?` operator instead
[INFO] [stdout]    --> src/player/board.rs:392:13
[INFO] [stdout]     |
[INFO] [stdout] 392 |             try!(write!(f, "{} ", (x + 'a' as Coord) as u8 as char));
[INFO] [stdout]     |             ^^^
[INFO] [stdout] 
[INFO] [stdout] 
[INFO] [stdout] warning: use of deprecated item 'try': use the `?` operator instead
[INFO] [stdout]    --> src/player/board.rs:395:13
[INFO] [stdout]     |
[INFO] [stdout] 395 |             try!(write!(f, "\n"));
[INFO] [stdout]     |             ^^^
[INFO] [stdout] 
[INFO] [stdout] 
[INFO] [stdout] warning: use of deprecated item 'try': use the `?` operator instead
[INFO] [stdout]    --> src/player/board.rs:397:17
[INFO] [stdout]     |
[INFO] [stdout] 397 |                 try!(write!(f, " "));
[INFO] [stdout]     |                 ^^^
[INFO] [stdout] 
[INFO] [stdout] 
[INFO] [stdout] warning: use of deprecated item 'try': use the `?` operator instead
[INFO] [stdout]    --> src/player/board.rs:399:13
[INFO] [stdout]     |
[INFO] [stdout] 399 |             try!(write!(f, "{:2}\\", y + 1));
[INFO] [stdout]     |             ^^^
[INFO] [stdout] 
[INFO] [stdout] 
[INFO] [stdout] warning: use of deprecated item 'try': use the `?` operator instead
[INFO] [stdout]    --> src/player/board.rs:402:32
[INFO] [stdout]     |
[INFO] [stdout] 402 |                     Some(c) => try!(write!(f, "{}", c)),
[INFO] [stdout]     |                                ^^^
[INFO] [stdout] 
[INFO] [stdout] 
[INFO] [stdout] warning: use of deprecated item 'try': use the `?` operator instead
[INFO] [stdout]    --> src/player/board.rs:403:29
[INFO] [stdout]     |
[INFO] [stdout] 403 |                     None => try!(write!(f, "+")),
[INFO] [stdout]     |                             ^^^
[INFO] [stdout] 
[INFO] [stdout] 
[INFO] [stdout] warning: use of deprecated item 'try': use the `?` operator instead
[INFO] [stdout]    --> src/player/board.rs:406:21
[INFO] [stdout]     |
[INFO] [stdout] 406 |                     try!(write!(f, " "));
[INFO] [stdout]     |                     ^^^
[INFO] [stdout] 
[INFO] [stdout] 
[INFO] [stdout] warning: use of deprecated item 'try': use the `?` operator instead
[INFO] [stdout]    --> src/player/board.rs:409:13
[INFO] [stdout]     |
[INFO] [stdout] 409 |             try!(write!(f, "\\{}", y + 1));
[INFO] [stdout]     |             ^^^
[INFO] [stdout] 
[INFO] [stdout] 
[INFO] [stdout] warning: use of deprecated item 'try': use the `?` operator instead
[INFO] [stdout]    --> src/player/board.rs:411:9
[INFO] [stdout]     |
[INFO] [stdout] 411 |         try!(write!(f, "\n   "));
[INFO] [stdout]     |         ^^^
[INFO] [stdout] 
[INFO] [stdout] 
[INFO] [stdout] warning: use of deprecated item 'try': use the `?` operator instead
[INFO] [stdout]    --> src/player/board.rs:413:13
[INFO] [stdout]     |
[INFO] [stdout] 413 |             try!(write!(f, " "));
[INFO] [stdout]     |             ^^^
[INFO] [stdout] 
[INFO] [stdout] 
[INFO] [stdout] warning: use of deprecated item 'try': use the `?` operator instead
[INFO] [stdout]    --> src/player/board.rs:416:13
[INFO] [stdout]     |
[INFO] [stdout] 416 |             try!(write!(f, "{} ", (x + 'a' as Coord) as u8 as char));
[INFO] [stdout]     |             ^^^
[INFO] [stdout] 
[INFO] [stdout] 
[INFO] [stdout] error: aborting due to 2 previous errors; 12 warnings emitted
[INFO] [stdout] 
[INFO] [stdout] 
[INFO] [stdout] For more information about this error, try `rustc --explain E0554`.
[INFO] [stdout] 
[INFO] [stderr] error: could not compile `coronene`.
[INFO] [stderr] 
[INFO] [stderr] To learn more, run the command again with --verbose.
[INFO] [stderr] warning: build failed, waiting for other jobs to finish...
[INFO] [stdout] error: aborting due to 2 previous errors; 12 warnings emitted
[INFO] [stdout] 
[INFO] [stdout] 
[INFO] [stdout] For more information about this error, try `rustc --explain E0554`.
[INFO] [stdout] 
[INFO] [stderr] error: build failed
[INFO] running `Command { std: "docker" "inspect" "9a4785d2fe18cedb6c25ad04480f1e76fdc94f113dd6fcb6fc7dac4015cfb36e", kill_on_drop: false }`
[INFO] running `Command { std: "docker" "rm" "-f" "9a4785d2fe18cedb6c25ad04480f1e76fdc94f113dd6fcb6fc7dac4015cfb36e", kill_on_drop: false }`
[INFO] [stdout] 9a4785d2fe18cedb6c25ad04480f1e76fdc94f113dd6fcb6fc7dac4015cfb36e
